*k + k + 249. What are the prime factors of p?
3, 29
Let t(y) = 36*y**2 + 4*y + 6. List the prime factors of t(-4).
2, 283
Suppose 0 = m + 2 - 4. Suppose 0 = m*n - 6. Suppose 8*q = n*q + 160. What are the prime factors of q?
2
Suppose -1 = -3*r + 11. Suppose -462 = -4*h + 5*x - 6*x, -107 = -h + r*x. What are the prime factors of h?
5, 23
Suppose -9*z - 2538 + 16119 = 0. What are the prime factors of z?
3, 503
Let x(m) = -2*m - 3. Let w be x(-4). Suppose i + 2*h - w*h = -13, h - 31 = 3*i. Let o = -5 - i. What are the prime factors of o?
5
What are the prime factors of ((-2)/(-5))/(-11 - 9414/(-855))?
2, 19
Suppose -12*g = -14*g + 6. Let h = g - 1. Suppose -2*s = -h*i + 14, -2*i - i = 2*s + 4. List the prime factors of i.
2
Suppose 5*t - 5*j - 19 = -169, 5*t + j + 126 = 0. Let p = -11 + 84. Let m = p + t. List the prime factors of m.
47
Let y be (-3)/(-3 - 134/(-44)). Let d = 131 + y. List the prime factors of d.
5, 13
Let q = -279 - -383. List the prime factors of q.
2, 13
Suppose 0 = 10*n + 7*n - 255. List the prime factors of 1708/n + (-2 - 64/(-30)).
2, 3, 19
List the prime factors of (-857632)/(-288) - (2 - (-19)/(-9)).
2, 1489
Let p = 75 - 48. What are the prime factors of (p/(-5))/((-2)/10)?
3
Let f(z) be the third derivative of z**6/120 - z**5/30 + z**4/12 - z**3/6 + z**2. Let n be f(1). Suppose 3*q - 72 = -n*q. List the prime factors of q.
2, 3
Let r = 49 + 1056. List the prime factors of r.
5, 13, 17
Let q be -9*4/(-4 + -8). Suppose 341 = q*c + 5*i, 4*i = 5*i - 1. What are the prime factors of c?
2, 7
Let k = -6 - -26. Suppose -3*f = -k - 316. Let r = f + -58. List the prime factors of r.
2, 3
Suppose 0 = 206*t - 209*t - 1014. Let k = t - -554. What are the prime factors of k?
2, 3
List the prime factors of ((-2)/(-3))/((-104)/(-151320)).
2, 5, 97
Let k be (-1)/((-4)/(30*-2)). Let q be (6/k)/((-2)/100). Let y = 70 - q. What are the prime factors of y?
2, 5
Let f(k) = k**3 - 10*k**2 + 3*k + 1973. List the prime factors of f(0).
1973
Suppose -v - 5*b + 45 = 0, 0*v - v - 3*b + 53 = 0. What are the prime factors of v?
5, 13
Suppose 3*k = -k + 572. List the prime factors of k.
11, 13
Let d(i) = 3*i + 8. Let g be 3*2/4*4. Suppose -4*h + 3*h + g = 0. List the prime factors of d(h).
2, 13
Let k = -366 - -4732. What are the prime factors of k?
2, 37, 59
Let s be (-7)/(2 - 3 - -2). Let w = 9 + s. Suppose f - 15 = w. List the prime factors of f.
17
List the prime factors of 102 + 7/(56/32).
2, 53
Let g = -2074 + 2636. List the prime factors of g.
2, 281
Let w(k) = -8*k**2 + 13*k - 17. Let q be w(13). Let i(u) = -6*u**3 + 2*u**2 + 2*u. Let t be i(2). What are the prime factors of q/t*6/4?
2, 5
Suppose w = -2*p - 3*w + 22, 0 = -5*p - 5*w + 30. What are the prime factors of p/3 - (-1195)/15?
2, 5
Let w be (5 + -10*2)*(-117)/5. Let k = w + -178. List the prime factors of k.
173
Let o(w) = -14*w - 56. Let a be o(-5). Suppose a*q - 106 = 12*q. List the prime factors of q.
53
Suppose -4*n + 8858 = -2*u, -53*u - 2225 = -n - 56*u. What are the prime factors of n?
2, 277
Let o(s) be the second derivative of s**5/10 - s**4/3 + s**2 + 15*s. List the prime factors of o(4).
2, 3, 11
Suppose -m = -2*b - 2, 2*m + 5*b - 4 = 2*b. Suppose -i = -m*d, -2*i + i = 0. Suppose d = -4*u - u + 45. What are the prime factors of u?
3
Suppose -9583 - 271 = -26*m. List the prime factors of m.
379
Let f = -13 + 20. Suppose -5*a + 20 = 5*z, 3*z = 5*z + a - 13. Suppose y = f + z. What are the prime factors of y?
2
Suppose 0 = 4*y - 352 - 208. Suppose m + y = 5*m. What are the prime factors of m?
5, 7
Let a(v) = v**3 - v**2 - v - 1. Let j(o) = 2*o**3 - 11*o**2 + 3*o + 5. Let s(t) = 3*a(t) - j(t). List the prime factors of s(-7).
83
Let m = 381 + -338. List the prime factors of m.
43
Let y(s) = s**3 - 5*s**2 + 5*s - 2. Let j be y(4). Suppose -2*n = 4*v - 130, -3*n + 195 = -0*n - j*v. What are the prime factors of n?
5, 13
Let i be 3/2 + (-39)/(-26). Suppose 0 = -4*j + i + 1. What are the prime factors of -4 - j/(1/(-40))?
2, 3
Let h = 452 + -241. List the prime factors of h.
211
Suppose s + 2*s = 6. Suppose -2*f = s*k - 18, k - 1 = 2*f - f. Suppose -a = 3*a - 4, k*x + a - 21 = 0. What are the prime factors of x?
2
Suppose 4*k - 5*c - 75 = 0, 0*c + 80 = 3*k + c. Let g = k - 7. What are the prime factors of g?
2, 3
Suppose 2628 = 5*m + 923. List the prime factors of m.
11, 31
Suppose 2*g - 5*g = 12. List the prime factors of 1 - -2 - 156/g.
2, 3, 7
Suppose -340 + 2992 = 4*v + 2*a, -2*a + 1326 = 2*v. List the prime factors of v.
3, 13, 17
Let y(q) = 2*q - 7. Let c be 12*((-9)/(-6) - 1). Let j be y(c). Suppose 87 = j*a - 28. What are the prime factors of a?
23
Suppose 3*k = -3*s + 2398 - 49, -5*s - 3177 = -4*k. Suppose -4*v = -8, v = 4*z - k + 202. What are the prime factors of z?
3, 7
Suppose 3*a - 9882 = -3*v, 4*v - 93*a + 91*a = 13176. What are the prime factors of v?
2, 3, 61
Let b be (-10 - 2)/((-6)/20). Suppose -4*j = -5*u - b, 14 - 38 = 3*u + 4*j. What are the prime factors of 60/u*(-64)/10?
2, 3
Suppose 3*m = 2*a - 44, 3*m + 24 = 2*a - 5*a. Let o = m + 12. Suppose o = -5*l + 217 + 28. What are the prime factors of l?
7
Let a = -17 + 23. Let m(v) = v**3 - 5*v**2 - 9*v + 10. Let k be m(a). List the prime factors of (k - -7)/(1/(-32)).
2
Let a(d) = 68*d**2 - 11*d + 2. What are the prime factors of a(7)?
3257
Let j be (0 + 15/(-20))*4. Let d = j + 91. What are the prime factors of d?
2, 11
What are the prime factors of (728/(-24))/13*(2 + -308)?
2, 3, 7, 17
Let i = -51 + 55. Suppose -5*n - 9*j + 780 = -i*j, -n = 3*j - 162. List the prime factors of n.
3, 17
Let f(t) = t**3 - 5*t**2 + 8*t - 8. Let w be f(4). Suppose w*u + 23 = 9*u. List the prime factors of u.
23
Let b = -289 + 153. Let c = b - -191. Suppose 4*f = -15 + c. What are the prime factors of f?
2, 5
Suppose 0*c = 3*c - 414. Let y = c + -80. What are the prime factors of y?
2, 29
Suppose -2*p - 5*z = -4*p + 502, 5*p - 5*z - 1225 = 0. List the prime factors of p.
241
What are the prime factors of (-2 + -1 + 2)/(30/(-34230))?
7, 163
What are the prime factors of (63/49)/(-3)*-161?
3, 23
List the prime factors of 2/(-11) - 3379/(-11).
307
Let q = 26 - -78. Suppose 0 = -3*j - j. Suppose -4*y + j*y + 104 = 4*s, q = 4*y - s. List the prime factors of y.
2, 13
Let r(z) = -z**3 + 10*z**2 - 18*z + 19. Let p be r(8). Suppose -3 = -3*n, -3*n = p*d - 4*n - 680. List the prime factors of d.
227
Let q be (-48)/156*(-39)/6. Suppose u - 165 = -4*u. Let v = u + q. What are the prime factors of v?
5, 7
Suppose 896 = -5*d - 2*k + 17764, -d - 5*k + 3369 = 0. What are the prime factors of d?
2, 7, 241
Suppose 10 = 2*g, l + 257 = 2*g + 3560. What are the prime factors of l?
3313
Let k be -43*(1 + -3 + 1). Let r = k + 19. What are the prime factors of r?
2, 31
Let l(x) = x**3 + 12*x**2 + 14*x + 3. Suppose 5*b - 10*b = 50. List the prime factors of l(b).
3, 7
Suppose -9 = -17*o - 111. Let b(f) = -f**3 + f**2 + f - 1. Let w(v) = 7*v**3 + 4*v + 20. Let r(u) = -6*b(u) - w(u). List the prime factors of r(o).
2, 23
Suppose 4 = -h, -h + 20 = 4*p - 4*h. Let k = -52 + 123. Suppose 9 = 3*s, -p*w = 4*s + 3 - k. What are the prime factors of w?
2, 7
Let w = 8 - 5. Let a = 13 - -11. Let m = w + a. What are the prime factors of m?
3
Let g = 14 - 16. Let y be 1 - g*3/2. Suppose -y*k = -4*a + 36, 2*a - 5*k - 3 - 3 = 0. What are the prime factors of a?
13
Let j(g) = -g**3 + g**2 - g + 8. Let v be j(0). Suppose 2*q = -4*l + 162, -v = -4*q + 4. Let r = l - 25. What are the prime factors of r?
2, 7
Let p(o) be the first derivative of 3*o**2/2 + 2*o + 4. Let m be p(-4). Let r(s) = s**3 + 9*s**2 - 13*s - 11. List the prime factors of r(m).
19
Suppose 19975 = 5*y + 12*y. List the prime factors of y.
5, 47
Let b(y) = 16*y + 2. Let d be ((-208)/(-65))/(4/10). Let z be b(d). Suppose -z = 6*l - 11*l. List the prime factors of l.
2, 13
Let m(v) = v**2 + 7*v. Let l be m(-6). Let t(j) = j**2 + 7*j + 12. Let g be t(l). List the prime factors of 159*-1*(-2)/g.
53
Let n = 1127 - 773. What are the prime factors of n?
2, 3, 59
Let u = -18 - -2. Let d be (-12)/u - 121/(-4). Suppose 2*h - 89 = -d. What are the prime factors of h?
29
Let u = -8 + 8. Let a(f) = 2*f**2 - 13*f + 8. Let x be a(6). Suppose 5*q + 4*l - 315 = u, x*l + 2*l = -2*q + 126. List the prime factors of q.
3, 